t is the hundreds digit of 2324?
3
What is the tens digit of 9457?
5
What is the hundreds digit of 5802?
8
What is the hundreds digit of 1946?
9
What is the units digit of 4592?
2
What is the units digit of 1370?
0
What is the units digit of 39721?
1
What is the ten thousands digit of 23563?
2
What is the tens digit of 1015?
1
What is the hundreds digit of 2880?
8
What is the units digit of 1997?
7
What is the ten thousands digit of 14012?
1
What is the tens digit of 2352?
5
What is the units digit of 8995?
5
What is the units digit of 1549?
9
What is the units digit of 2263?
3
What is the units digit of 21174?
4
What is the units digit of 71476?
6
What is the units digit of 568?
8
What is the tens digit of 961?
6
What is the thousands digit of 42488?
2
What is the units digit of 49121?
1
What is the tens digit of 2751?
5
What is the thousands digit of 95537?
5
What is the tens digit of 20609?
0
What is the hundreds digit of 2561?
5
What is the ten thousands digit of 19263?
1
What is the units digit of 2652?
2
What is the thousands digit of 1492?
1
What is the tens digit of 80517?
1
What is the tens digit of 16798?
9
What is the tens digit of 598?
9
What is the units digit of 757?
7
What is the units digit of 7063?
3
What is the tens digit of 65877?
7
What is the thousands digit of 13370?
3
What is the tens digit of 13339?
3
What is the hundreds digit of 4123?
1
What is the ten thousands digit of 78597?
7
What is the thousands digit of 4653?
4
What is the units digit of 516?
6
What is the units digit of 267?
7
What is the thousands digit of 63639?
3
What is the hundreds digit of 2801?
8
What is the thousands digit of 2037?
2
What is the units digit of 1777?
7
What is the hundreds digit of 17683?
6
What is the ten thousands digit of 27907?
2
What is the hundreds digit of 1384?
3
What is the units digit of 65136?
6
What is the units digit of 61?
1
What is the hundreds digit of 572?
5
What is the hundreds digit of 1853?
8
What is the units digit of 2587?
7
What is the thousands digit of 1907?
1
What is the units digit of 4094?
4
What is the units digit of 1310?
0
What is the units digit of 53932?
2
What is the tens digit of 410?
1
What is the hundreds digit of 71546?
5
What is the tens digit of 566?
6
What is the tens digit of 51025?
2
What is the hundreds digit of 3354?
3
What is the units digit of 2889?
9
What is the thousands digit of 32513?
2
What is the tens digit of 11907?
0
What is the hundreds digit of 84386?
3
What is the hundreds digit of 38158?
1
What is the hundreds digit of 282?
2
What is the units digit of 229?
9
What is the ten thousands digit of 11809?
1
What is the hundreds digit of 581?
5
What is the hundreds digit of 258?
2
What is the thousands digit of 9658?
9
What is the thousands digit of 1089?
1
What is the ten thousands digit of 74623?
7
What is the thousands digit of 3474?
3
What is the tens digit of 30246?
4
What is the units digit of 13229?
9
What is the units digit of 329?
9
What is the units digit of 28043?
3
What is the hundreds digit of 26950?
9
What is the thousands digit of 9842?
9
What is the thousands digit of 61246?
1
What is the units digit of 1629?
9
What is the hundreds digit of 10454?
4
What is the tens digit of 2405?
0
What is the units digit of 4875?
5
What is the hundreds digit of 2726?
7
What is the units digit of 35227?
7
What is the units digit of 5554?
4
What is the thousands digit of 1790?
1
What is the units digit of 10835?
5
What is the hundreds digit of 22233?
2
What is the thousands digit of 2255?
2
What is the hundreds digit of 888?
8
What is the hundreds digit of 8835?
8
What is the tens digit of 9490?
9
What is the units digit of 2284?
4
What is the ten thousands digit of 53470?
5
What is the units digit of 7010?
0
What is the thousands digit of 49376?
9
What is the units digit of 37346?
6
What is the tens digit of 13?
1
What is the ten thousands digit of 40056?
4
What is the ten thousands digit of 12619?
1
What is the units digit of 724?
4
What is the hundreds digit of 791?
7
What is the thousands digit of 168894?
8
What is the ten thousands digit of 36106?
3
What is the thousands digit of 4046?
4
What is the tens digit of 2591?
9
What is the tens digit of 16548?
4
What is the units digit of 878?
8
What is the units digit of 478?
8
What is the thousands digit of 28875?
8
What is the tens digit of 23?
2
What is the hundreds digit of 45759?
7
What is the tens digit of 1182?
8
What is the ten thousands digit of 18149?
1
What is the hundreds digit of 40850?
8
What is the tens digit of 86219?
1
What is the hundreds digit of 1030?
0
What is the thousands digit of 3314?
3
What is the ten thousands digit of 10557?
1
What is the units digit of 52768?
8
What is the hundred thousands digit of 119492?
1
What is the thousands digit of 3217?
3
What is the units digit of 34752?
2
What is the tens digit of 2759?
5
What is the thousands digit of 6482?
6
What is the units digit of 834?
4
What is the hundreds digit of 166?
1
What is the hundreds digit of 23596?
5
What is the units digit of 984?
4
What is the tens digit of 7963?
6
What is the hundreds digit of 806?
8
What is the tens digit of 3997?
9
What is the tens digit of 71582?
8
What is the hundreds digit of 1231?
2
What is the ten thousands digit of 61474?
6
What is the tens digit of 6757?
5
What is the hundreds digit of 18236?
2
What is the units digit of 11061?
1
What is the hundred thousands digit of 115516?
1
What is the thousands digit of 3470?
3
What is the units digit of 871?
1
What is the tens digit of 14100?
0
What is the units digit of 4131?
1
What is the units digit of 1003?
3
What is the units digit of 6060?
0
What is the tens digit of 1529?
2
What is the tens digit of 92?
9
What is the units digit of 4107?
7
What is the hundreds digit of 499?
4
What is the thousands digit of 5553?
5
What is the hundreds digit of 150?
1
What is the hundreds digit of 1408?
4
What is the hundreds digit of 807?
8
What is the tens digit of 11489?
8
What is the units digit of 1171?
1
What is the thousands digit of 9774?
9
What is the units digit of 40763?
3
What is the ten thousands digit of 55387?
5
What is the thousands digit of 2563?
2
What is the hundreds digit of 2162?
1
What is the thousands digit of 1590?
1
What is the units digit of 408?
8
What is the units digit of 2863?
3
What is the units digit of 3400?
0
What is the hundreds digit of 621?
6
What is the thousands digit of 6111?
6
What is the thousands digit of 6221?
6
What is the tens digit of 6171?
7
What is the tens digit of 7075?
7
What is the thousands digit of 8774?
8
What is the tens digit of 202?
0
What is the units digit of 893?
3
What is the units digit of 3087?
7
What is the ten thousands digit of 26325?
2
What is the thousands digit of 3411?
3
What is the tens digit of 105?
0
What is the thousands digit of 6489?
6
What is the units digit of 812?
2
What is the ten thousands digit of 17316?
1
What is the thousands digit of 20583?
0
What is the tens digit of 939?
3
What is the units digit of 23126?
6
What is the hundreds digit of 7113?
1
What is the thousands digit of 2705?
2
What is the units digit of 21411?
1
What is the tens digit of 4098?
9
What is the thousands digit of 4900?
4
What is the tens digit of 13252?
5
What is the units digit of 1382?
2
What is the units digit of 10598?
8
What is the hundreds digit of 28111?
1
What is the units digit of 2039?
9
What is the hundreds digit of 86525?
5
What is the ten thousands digit of 53859?
5
What is the hundreds digit of 4235?
2
What is the thousands digit of 6189?
6
What is the tens digit of 425?
2
What is the thousands digit of 1293?
1
What is the tens digit of 4019?
1
What is the hundreds digit of 8915?
9
What is the tens digit of 946?
4
What is the tens digit of 21?
2
What is the thousands digit of 1113?
1
What is the thousands digit of 119526?
9
What is the ten thousands digit of 13458?
1
What is the thousands digit of 14762?
4
What is the hundred thousands digit of 116548?
1
What is the units digit of 10058?
8
What is the tens digit of 62060?
6
What is the tens digit of 115397?
9
What is the thousands digit of 7714?
7
What is the units digit of 554?
4
What is the units digit of 23?
3
What is the hundreds digit of 5323?
3
What is the h